{"id":879,"date":"2022-08-31T10:14:08","date_gmt":"2022-08-31T10:14:08","guid":{"rendered":"https:\/\/wp.dreamitsolution.net\/zomia-multipurpose\/startup-agency\/?page_id=8"},"modified":"2026-02-20T22:28:35","modified_gmt":"2026-02-20T22:28:35","slug":"anasayfa","status":"publish","type":"page","link":"https:\/\/www.codemerge.com.tr\/","title":{"rendered":"Home"},"content":{"rendered":"\t\t<div data-elementor-type=\"wp-page\" data-elementor-id=\"879\" class=\"elementor elementor-879\">\n\t\t\t\t\t\t<section class=\"elementor-section elementor-top-section elementor-element elementor-element-f6d6ad2 elementor-section-full_width elementor-section-height-default elementor-section-height-default\" data-id=\"f6d6ad2\" data-element_type=\"section\" data-e-type=\"section\">\n\t\t\t\t\t\t<div class=\"elementor-container elementor-column-gap-no\">\n\t\t\t\t\t<div class=\"elementor-column elementor-col-100 elementor-top-column elementor-element elementor-element-94b669b\" data-id=\"94b669b\" data-element_type=\"column\" data-e-type=\"column\">\n\t\t\t<div class=\"elementor-widget-wrap elementor-element-populated\">\n\t\t\t\t\t\t<div class=\"elementor-element elementor-element-d889340 elementor-widget elementor-widget-slider_revolution\" data-id=\"d889340\" data-element_type=\"widget\" data-e-type=\"widget\" data-widget_type=\"slider_revolution.default\">\n\t\t\t\t\t\n\t\t<div class=\"wp-block-themepunch-revslider\">\n\t\t\t\t<p class=\"rs-p-wp-fix\"><\/p>\n\t\t\t\t<sr7-module data-alias=\"slider-1\" data-id=\"1\" id=\"SR7_1_1\" class=\"rs-ov-hidden\" data-version=\"6.7.34\">\n\t\t\t\t\t<sr7-adjuster><\/sr7-adjuster>\n\t\t\t\t\t<sr7-content>\n\t\t\t\t\t\t<sr7-slide id=\"SR7_1_1-1\" data-key=\"1\">\n\t\t\t\t\t\t\t<sr7-bg id=\"SR7_1_1-1-7\" class=\"sr7-layer\"><noscript><img decoding=\"async\" src=\"http:\/\/www.codemerge.com.tr\/wp-content\/uploads\/2022\/08\/Startup-Agency5.png\" alt=\"\" title=\"Startup Agency(5)\"><\/noscript><\/sr7-bg>\n\t\t\t\t\t\t\t<sr7-txt id=\"SR7_1_1-1-1\" class=\"sr7-layer\">Siz Hayal Edin,<br \/>\nBiz Kodlayal\u0131m.<\/sr7-txt>\n\t\t\t\t\t\t\t<a id=\"SR7_1_1-1-2\" class=\"sr7-layer\" href=\"https:\/\/www.codemerge.com.tr\/index.php\/software\/\" target=\"_self\">Detayl\u0131 Bilgi<\/a>\n\t\t\t\t\t\t\t<sr7-txt id=\"SR7_1_1-1-6\" class=\"sr7-layer\">M\u00fc\u015fterilerimizin projelerini sadece ISO standartlar\u0131nda de\u011fil,  <br \/>\nayn\u0131 zamanda estetik ve inovasyonla donat\u0131lm\u0131\u015f bir \u015fekilde<br \/>\nhayata ge\u00e7iriyoruz. Projelerimizin her a\u015famas\u0131n\u0131 ERP ve CRM <br \/>\nsistemleri ile y\u00f6neterek,  birlikte en iyi sonu\u00e7lar\u0131 elde ediyoruz.<\/sr7-txt>\n\t\t\t\t\t\t<\/sr7-slide>\n\t\t\t\t\t\t<sr7-slide id=\"SR7_1_1-2\" data-key=\"2\">\n\t\t\t\t\t\t<\/sr7-slide>\n\t\t\t\t\t<\/sr7-content>\n\t\t\t\t\t<image_lists style=\"display:none\">\n\t\t\t\t\t\t<img data-src=\"\/\/www.codemerge.com.tr\/wp-content\/uploads\/2022\/08\/Startup-Agency3.png\" data-libid=\"26\" data-lib=\"medialibrary\" title=\"Startup Agency(3)\" width=\"0\" height=\"0\" data-dbsrc=\"Ly93d3cuY29kZW1lcmdlLmNvbS50ci93cC1jb250ZW50L3VwbG9hZHMvMjAyMi8wOC9TdGFydHVwLUFnZW5jeTMucG5n\"\/>\n\t\t\t\t\t\t<img data-src=\"\/\/www.codemerge.com.tr\/wp-content\/uploads\/2022\/08\/Startup-Agency4.png\" data-libid=\"25\" data-lib=\"medialibrary\" title=\"Startup Agency(4)\" width=\"0\" height=\"0\" data-dbsrc=\"Ly93d3cuY29kZW1lcmdlLmNvbS50ci93cC1jb250ZW50L3VwbG9hZHMvMjAyMi8wOC9TdGFydHVwLUFnZW5jeTQucG5n\"\/>\n\t\t\t\t\t\t<img data-src=\"\/\/www.codemerge.com.tr\/wp-content\/uploads\/2025\/10\/00.png\" data-libid=\"2730\" data-lib=\"medialibrary\" title=\"00\" width=\"0\" height=\"0\" data-dbsrc=\"Ly93d3cuY29kZW1lcmdlLmNvbS50ci93cC1jb250ZW50L3VwbG9hZHMvMjAyNS8xMC8wMC5wbmc=\"\/>\n\t\t\t\t\t\t<img loading=\"lazy\" data-src=\"\/\/www.codemerge.com.tr\/wp-content\/uploads\/2022\/08\/Startup-Agency5.png\" data-libid=\"24\" data-lib=\"medialibrary\" title=\"Startup Agency(5)\" width=\"0\" height=\"0\" data-dbsrc=\"Ly93d3cuY29kZW1lcmdlLmNvbS50ci93cC1jb250ZW50L3VwbG9hZHMvMjAyMi8wOC9TdGFydHVwLUFnZW5jeTUucG5n\"\/>\n\t\t\t\t\t<\/image_lists>\n\t\t\t\t<\/sr7-module>\n\t\t\t\t<script>\n\t\t\t\t\tSR7.PMH ??={}; SR7.PMH[\"SR7_1_1\"] = {cn:100,state:false,fn: function() { if (_tpt!==undefined && _tpt.prepareModuleHeight !== undefined) {  _tpt.prepareModuleHeight({id:\"SR7_1_1\",el:[900,900,768,650,720],type:'standard',shdw:'0',gh:[900,900,768,650,720],gw:[1240,1240,1024,778,480],vpt:['-100px&#039;,&#039;-100px&#039;,&#039;-100px&#039;,&#039;-100px&#039;,&#039;-100px'],size:{fullWidth:true, fullHeight:false},mh:'0',onh:0,onw:0,bg:{color:'{\"orig\":\"transparent\",\"type\":\"solid\",\"string\":\"transparent\"}'}});   SR7.PMH[\"SR7_1_1\"].state=true;} else if(SR7.PMH[\"SR7_1_1\"].cn-->0)\tsetTimeout( SR7.PMH[\"SR7_1_1\"].fn,19);}};SR7.PMH[\"SR7_1_1\" ].fn();\n\t\t\t\t<\/script>\n<\/div>\n\n\t\t\t\t\t\t<\/div>\n\t\t\t\t\t<\/div>\n\t\t<\/div>\n\t\t\t\t\t<\/div>\n\t\t<\/section>\n\t\t\t\t<section class=\"elementor-section elementor-top-section elementor-element elementor-element-92118d7 elementor-section-full_width elementor-section-height-default elementor-section-height-default\" data-id=\"92118d7\" data-element_type=\"section\" data-e-type=\"section\" data-settings=\"{&quot;background_background&quot;:&quot;classic&quot;}\">\n\t\t\t\t\t\t<div class=\"elementor-container elementor-column-gap-extended\">\n\t\t\t\t\t<div class=\"elementor-column elementor-col-100 elementor-top-column elementor-element elementor-element-39805ba\" data-id=\"39805ba\" data-element_type=\"column\" data-e-type=\"column\">\n\t\t\t<div class=\"elementor-widget-wrap elementor-element-populated\">\n\t\t\t\t\t\t<div class=\"elementor-element elementor-element-0f63e76 elementor-widget elementor-widget-sectiontitle\" data-id=\"0f63e76\" data-element_type=\"widget\" data-e-type=\"widget\" data-widget_type=\"sectiontitle.default\">\n\t\t\t\t<div class=\"elementor-widget-container\">\n\t\t\t\t\t\r\n\t\t\t\t<div class=\"\">\r\n\r\n\t\t\t<div class=\"section-title t_center\">\r\n                 \r\n                        <h5>neler yapar\u0131z? <span><\/span><\/h5>\r\n                \r\n\t\t\t\t\t\t\t\t\r\n\t\t\t\t  \r\n                       <h3>22 y\u0131ll\u0131k birikim, bitmeyen bir heyecan.<\/h3>\r\n                \t\t\t\t\r\n\t\t\t\t \t\t\t\t\r\n                 \r\n                        <p>Projelerimizi Agile metodolojileri do\u011frultusunda, k\u00fc\u00e7\u00fck ve y\u00f6netilebilir mod\u00fcller halinde tasarl\u0131yoruz.\nBu yakla\u015f\u0131m, her geli\u015ftirme a\u015famas\u0131nda m\u00fc\u015fteri geri bildirimlerine h\u0131zl\u0131 yan\u0131t verebilmemizi sa\u011flar. Projelerin esnek, \u00f6l\u00e7eklenebilir ve s\u00fcrekli geli\u015fen bir yap\u0131da ilerlemesine olanak tan\u0131r.<\/p>\r\n                \t\t\t\t\r\n\r\n\t\t\t\t\r\n\t\t\t<\/div>\t\r\n\r\n\t\t<\/div>\r\n\r\n\t\t\r\n\t\t\t\t\t\t<\/div>\n\t\t\t\t<\/div>\n\t\t\t\t<section class=\"elementor-section elementor-inner-section elementor-element elementor-element-b026d16 elementor-section-boxed elementor-section-height-default elementor-section-height-default\" data-id=\"b026d16\" data-element_type=\"section\" data-e-type=\"section\">\n\t\t\t\t\t\t<div class=\"elementor-container elementor-column-gap-default\">\n\t\t\t\t\t<div class=\"elementor-column elementor-col-33 elementor-inner-column elementor-element elementor-element-4016c15\" data-id=\"4016c15\" data-element_type=\"column\" data-e-type=\"column\">\n\t\t\t<div class=\"elementor-widget-wrap elementor-element-populated\">\n\t\t\t\t\t\t<div class=\"elementor-element elementor-element-cce70e1 elementor-widget elementor-widget-iconbox\" data-id=\"cce70e1\" data-element_type=\"widget\" data-e-type=\"widget\" data-widget_type=\"iconbox.default\">\n\t\t\t\t<div class=\"elementor-widget-container\">\n\t\t\t\t\t\n\t\t\n\t\t<div class=\"icon-box style-two\">\n\n\t\t\t<div class=\"icon-box-icon\">\n\n\t\t\t\t\t\t\t\t<div class=\"img-icon\">\n\t\t\t\t\t<img decoding=\"async\" src=\"http:\/\/www.codemerge.com.tr\/wp-content\/uploads\/2025\/10\/icon1.png\" alt=\"\" \/>\n\t\t\t\t<\/div>\n\t\t\t\t\n\t\t\t<\/div>\n\n\t\t\t<div class=\"icon-box-content\">\n\t\t\t\t<div class=\"title\">\n\t\t\t\t\t<h2>Yaz\u0131l\u0131m Geli\u015ftirme<\/h2>\n\t\t\t\t<\/div>\n\t\t\t\t<div class=\"description\">\n\t\t\t\t\t<p>Logo CRM ve Logo Tiger altyap\u0131lar\u0131n\u0131 esas alarak, i\u015fletmenizin \u00f6zel ihtiya\u00e7lar\u0131na y\u00f6nelik ek yaz\u0131l\u0131m \u00e7\u00f6z\u00fcmleri geli\u015ftiriyoruz.<\/p>\n\t\t\t\t<\/div>\n\t\t\t<\/div>\n\t\t<\/div>\n\t\t\n\t\t\n\t\t\t\t\t\t<\/div>\n\t\t\t\t<\/div>\n\t\t\t\t\t<\/div>\n\t\t<\/div>\n\t\t\t\t<div class=\"elementor-column elementor-col-33 elementor-inner-column elementor-element elementor-element-730061b\" data-id=\"730061b\" data-element_type=\"column\" data-e-type=\"column\">\n\t\t\t<div class=\"elementor-widget-wrap elementor-element-populated\">\n\t\t\t\t\t\t<div class=\"elementor-element elementor-element-b872ca5 elementor-widget elementor-widget-iconbox\" data-id=\"b872ca5\" data-element_type=\"widget\" data-e-type=\"widget\" data-widget_type=\"iconbox.default\">\n\t\t\t\t<div class=\"elementor-widget-container\">\n\t\t\t\t\t\n\t\t\n\t\t<div class=\"icon-box style-two\">\n\n\t\t\t<div class=\"icon-box-icon\">\n\n\t\t\t\t\t\t\t\t<div class=\"img-icon\">\n\t\t\t\t\t<img decoding=\"async\" src=\"http:\/\/www.codemerge.com.tr\/wp-content\/uploads\/2025\/10\/icon3.png\" alt=\"\" \/>\n\t\t\t\t<\/div>\n\t\t\t\t\n\t\t\t<\/div>\n\n\t\t\t<div class=\"icon-box-content\">\n\t\t\t\t<div class=\"title\">\n\t\t\t\t\t<h2>Flow \u00c7\u00f6z\u00fcmleri<\/h2>\n\t\t\t\t<\/div>\n\t\t\t\t<div class=\"description\">\n\t\t\t\t\t<p>\u015eirket i\u00e7i i\u015f ak\u0131\u015flar\u0131n\u0131 dijitalle\u015ftiriyor, otomasyon ve onay s\u00fcre\u00e7lerini sadele\u015ftiriyoruz. <\/p>\n\t\t\t\t<\/div>\n\t\t\t<\/div>\n\t\t<\/div>\n\t\t\n\t\t\n\t\t\t\t\t\t<\/div>\n\t\t\t\t<\/div>\n\t\t\t\t\t<\/div>\n\t\t<\/div>\n\t\t\t\t<div class=\"elementor-column elementor-col-33 elementor-inner-column elementor-element elementor-element-ebbcb55\" data-id=\"ebbcb55\" data-element_type=\"column\" data-e-type=\"column\">\n\t\t\t<div class=\"elementor-widget-wrap elementor-element-populated\">\n\t\t\t\t\t\t<div class=\"elementor-element elementor-element-5470c72 elementor-widget elementor-widget-iconbox\" data-id=\"5470c72\" data-element_type=\"widget\" data-e-type=\"widget\" data-widget_type=\"iconbox.default\">\n\t\t\t\t<div class=\"elementor-widget-container\">\n\t\t\t\t\t\n\t\t\n\t\t<div class=\"icon-box style-two\">\n\n\t\t\t<div class=\"icon-box-icon\">\n\n\t\t\t\t\t\t\t\t<div class=\"img-icon\">\n\t\t\t\t\t<img decoding=\"async\" src=\"http:\/\/www.codemerge.com.tr\/wp-content\/uploads\/2025\/10\/icon2.png\" alt=\"\" \/>\n\t\t\t\t<\/div>\n\t\t\t\t\n\t\t\t<\/div>\n\n\t\t\t<div class=\"icon-box-content\">\n\t\t\t\t<div class=\"title\">\n\t\t\t\t\t<h2>Yapay Zeka Entegrasyonu<\/h2>\n\t\t\t\t<\/div>\n\t\t\t\t<div class=\"description\">\n\t\t\t\t\t<p>\u0130\u015f hedeflerinizi ve operasyonel gereksinimlerinizi de\u011ferlendirerek,  t\u00fcm s\u00fcre\u00e7lerinizi yapay zeka \u015fle entegre ediyoruz.<\/p>\n\t\t\t\t<\/div>\n\t\t\t<\/div>\n\t\t<\/div>\n\t\t\n\t\t\n\t\t\t\t\t\t<\/div>\n\t\t\t\t<\/div>\n\t\t\t\t\t<\/div>\n\t\t<\/div>\n\t\t\t\t\t<\/div>\n\t\t<\/section>\n\t\t\t\t\t<\/div>\n\t\t<\/div>\n\t\t\t\t\t<\/div>\n\t\t<\/section>\n\t\t<div class=\"elementor-element elementor-element-79b4962 e-flex e-con-boxed e-con e-parent\" data-id=\"79b4962\" data-element_type=\"container\" data-e-type=\"container\">\n\t\t\t\t\t<div class=\"e-con-inner\">\n\t\t\t\t<div class=\"elementor-element elementor-element-8c8047d elementor-widget elementor-widget-spacer\" data-id=\"8c8047d\" data-element_type=\"widget\" data-e-type=\"widget\" data-widget_type=\"spacer.default\">\n\t\t\t\t\t\t\t<div class=\"elementor-spacer\">\n\t\t\t<div class=\"elementor-spacer-inner\"><\/div>\n\t\t<\/div>\n\t\t\t\t\t\t<\/div>\n\t\t\t\t\t<\/div>\n\t\t\t\t<\/div>\n\t\t\t\t<section class=\"elementor-section elementor-top-section elementor-element elementor-element-c65f5de elementor-section-boxed elementor-section-height-default elementor-section-height-default\" data-id=\"c65f5de\" data-element_type=\"section\" data-e-type=\"section\" data-settings=\"{&quot;background_background&quot;:&quot;classic&quot;}\">\n\t\t\t\t\t\t\t<div class=\"elementor-background-overlay\"><\/div>\n\t\t\t\t\t\t\t<div class=\"elementor-container elementor-column-gap-default\">\n\t\t\t\t\t<div class=\"elementor-column elementor-col-100 elementor-top-column elementor-element elementor-element-55ffd343\" data-id=\"55ffd343\" data-element_type=\"column\" data-e-type=\"column\">\n\t\t\t<div class=\"elementor-widget-wrap elementor-element-populated\">\n\t\t\t\t\t\t<div class=\"elementor-element elementor-element-7b2de0f1 elementor-widget elementor-widget-sectiontitle\" data-id=\"7b2de0f1\" data-element_type=\"widget\" data-e-type=\"widget\" data-widget_type=\"sectiontitle.default\">\n\t\t\t\t<div class=\"elementor-widget-container\">\n\t\t\t\t\t\r\n\t\t\t\t<div class=\"\">\r\n\r\n\t\t\t<div class=\"section-title t_center\">\r\n                \r\n\t\t\t\t\t\t\t\t\r\n\t\t\t\t  \r\n                       <h3>Say\u0131larla Biz.<\/h3>\r\n                \t\t\t\t\r\n\t\t\t\t \t\t\t\t\r\n                 \r\n                        <p>Her biri,  birbirinden ba\u015far\u0131l\u0131 ger\u00e7ekle\u015ftirdi\u011fimiz  y\u00fczlerce proje ile gurur duyuyoruz.   <br> <\/p>\r\n                \t\t\t\t\r\n\r\n\t\t\t\t\r\n\t\t\t<\/div>\t\r\n\r\n\t\t<\/div>\r\n\r\n\t\t\r\n\t\t\t\t\t\t<\/div>\n\t\t\t\t<\/div>\n\t\t\t\t\t<\/div>\n\t\t<\/div>\n\t\t\t\t\t<\/div>\n\t\t<\/section>\n\t\t\t\t<section class=\"elementor-section elementor-top-section elementor-element elementor-element-4cd5432d elementor-section-boxed elementor-section-height-default elementor-section-height-default\" data-id=\"4cd5432d\" data-element_type=\"section\" data-e-type=\"section\">\n\t\t\t\t\t\t<div class=\"elementor-container elementor-column-gap-default\">\n\t\t\t\t\t<div class=\"elementor-column elementor-col-25 elementor-top-column elementor-element elementor-element-35a4da1a\" data-id=\"35a4da1a\" data-element_type=\"column\" data-e-type=\"column\">\n\t\t\t<div class=\"elementor-widget-wrap elementor-element-populated\">\n\t\t\t\t\t\t<div class=\"elementor-element elementor-element-6734a788 elementor-widget elementor-widget-counter\" data-id=\"6734a788\" data-element_type=\"widget\" data-e-type=\"widget\" data-widget_type=\"counter.default\">\n\t\t\t\t<div class=\"elementor-widget-container\">\n\t\t\t\t\t\t\t\t<div class=\"single_counter default_style center\">\r\n\t\t\t\t<div class=\"single_counter_inner\">\t\t\t\t\t\r\n\t\t\t\t\t\r\n\t\t\t\t\t\t\t\t\t\t<div class=\"counter_icon\">\t\t\t\r\n\t\t\t\t\t\t<i class=\"flaticon flaticon-support-2 restly-flaticon\"><\/i>\t\t\r\n\t\t\t\t\t<\/div>\r\n\t\t\t\t\t\t\t\t\t\t\r\n\t\t\t\t\t<div class=\"countr_text\">\r\n\t\t\t\t\t\t<h1>1<\/h1>\r\n\t\t\t\t\t\t<h3>K<\/h3>\r\n\t\t\t\t\t<\/div>\r\n\r\n\t\t\t\t\t<div class=\"counter_title\">\r\n\t\t\t\t\t\t<h4>Mutlu M\u00fc\u015fteri<\/h4>\r\n\t\t\t\t\t<\/div>\t\r\n\t\t\t\t\t\r\n\t\t\t\t<\/div>\r\n\t\t\t<\/div>\r\n\t\t\t\t\t\t<\/div>\n\t\t\t\t<\/div>\n\t\t\t\t\t<\/div>\n\t\t<\/div>\n\t\t\t\t<div class=\"elementor-column elementor-col-25 elementor-top-column elementor-element elementor-element-1183b96e\" data-id=\"1183b96e\" data-element_type=\"column\" data-e-type=\"column\">\n\t\t\t<div class=\"elementor-widget-wrap elementor-element-populated\">\n\t\t\t\t\t\t<div class=\"elementor-element elementor-element-1eaf53fa style2 elementor-widget elementor-widget-counter\" data-id=\"1eaf53fa\" data-element_type=\"widget\" data-e-type=\"widget\" data-widget_type=\"counter.default\">\n\t\t\t\t<div class=\"elementor-widget-container\">\n\t\t\t\t\t\t\t\t<div class=\"single_counter default_style center\">\r\n\t\t\t\t<div class=\"single_counter_inner\">\t\t\t\t\t\r\n\t\t\t\t\t\r\n\t\t\t\t\t\t\t\t\t\t<div class=\"counter_icon\">\t\t\t\r\n\t\t\t\t\t\t<i class=\"flaticon flaticon-bar-chart restly-flaticon\"><\/i>\t\t\r\n\t\t\t\t\t<\/div>\r\n\t\t\t\t\t\t\t\t\t\t\r\n\t\t\t\t\t<div class=\"countr_text\">\r\n\t\t\t\t\t\t<h1>600<\/h1>\r\n\t\t\t\t\t\t<h3><\/h3>\r\n\t\t\t\t\t<\/div>\r\n\r\n\t\t\t\t\t<div class=\"counter_title\">\r\n\t\t\t\t\t\t<h4>Ba\u015far\u0131l\u0131 Proje<\/h4>\r\n\t\t\t\t\t<\/div>\t\r\n\t\t\t\t\t\r\n\t\t\t\t<\/div>\r\n\t\t\t<\/div>\r\n\t\t\t\t\t\t<\/div>\n\t\t\t\t<\/div>\n\t\t\t\t\t<\/div>\n\t\t<\/div>\n\t\t\t\t<div class=\"elementor-column elementor-col-25 elementor-top-column elementor-element elementor-element-4207f4c8\" data-id=\"4207f4c8\" data-element_type=\"column\" data-e-type=\"column\">\n\t\t\t<div class=\"elementor-widget-wrap elementor-element-populated\">\n\t\t\t\t\t\t<div class=\"elementor-element elementor-element-56ba5955 style3 elementor-widget elementor-widget-counter\" data-id=\"56ba5955\" data-element_type=\"widget\" data-e-type=\"widget\" data-widget_type=\"counter.default\">\n\t\t\t\t<div class=\"elementor-widget-container\">\n\t\t\t\t\t\t\t\t<div class=\"single_counter default_style center\">\r\n\t\t\t\t<div class=\"single_counter_inner\">\t\t\t\t\t\r\n\t\t\t\t\t\r\n\t\t\t\t\t\t\t\t\t\t<div class=\"counter_icon\">\t\t\t\r\n\t\t\t\t\t\t<i class=\"flaticon flaticon-adjust-1 restly-flaticon\"><\/i>\t\t\r\n\t\t\t\t\t<\/div>\r\n\t\t\t\t\t\t\t\t\t\t\r\n\t\t\t\t\t<div class=\"countr_text\">\r\n\t\t\t\t\t\t<h1>22<\/h1>\r\n\t\t\t\t\t\t<h3><\/h3>\r\n\t\t\t\t\t<\/div>\r\n\r\n\t\t\t\t\t<div class=\"counter_title\">\r\n\t\t\t\t\t\t<h4>Y\u0131ll\u0131k Deneyim<\/h4>\r\n\t\t\t\t\t<\/div>\t\r\n\t\t\t\t\t\r\n\t\t\t\t<\/div>\r\n\t\t\t<\/div>\r\n\t\t\t\t\t\t<\/div>\n\t\t\t\t<\/div>\n\t\t\t\t\t<\/div>\n\t\t<\/div>\n\t\t\t\t<div class=\"elementor-column elementor-col-25 elementor-top-column elementor-element elementor-element-1ba6fbc5\" data-id=\"1ba6fbc5\" data-element_type=\"column\" data-e-type=\"column\">\n\t\t\t<div class=\"elementor-widget-wrap elementor-element-populated\">\n\t\t\t\t\t\t<div class=\"elementor-element elementor-element-69eb0e95 style4 elementor-widget elementor-widget-counter\" data-id=\"69eb0e95\" data-element_type=\"widget\" data-e-type=\"widget\" data-widget_type=\"counter.default\">\n\t\t\t\t<div class=\"elementor-widget-container\">\n\t\t\t\t\t\t\t\t<div class=\"single_counter default_style center\">\r\n\t\t\t\t<div class=\"single_counter_inner\">\t\t\t\t\t\r\n\t\t\t\t\t\r\n\t\t\t\t\t\t\t\t\t\t<div class=\"counter_icon\">\t\t\t\r\n\t\t\t\t\t\t<i class=\"flaticon flaticon-random restly-flaticon\"><\/i>\t\t\r\n\t\t\t\t\t<\/div>\r\n\t\t\t\t\t\t\t\t\t\t\r\n\t\t\t\t\t<div class=\"countr_text\">\r\n\t\t\t\t\t\t<h1>400<\/h1>\r\n\t\t\t\t\t\t<h3><\/h3>\r\n\t\t\t\t\t<\/div>\r\n\r\n\t\t\t\t\t<div class=\"counter_title\">\r\n\t\t\t\t\t\t<h4>Entegrasyon Projesi<\/h4>\r\n\t\t\t\t\t<\/div>\t\r\n\t\t\t\t\t\r\n\t\t\t\t<\/div>\r\n\t\t\t<\/div>\r\n\t\t\t\t\t\t<\/div>\n\t\t\t\t<\/div>\n\t\t\t\t\t<\/div>\n\t\t<\/div>\n\t\t\t\t\t<\/div>\n\t\t<\/section>\n\t\t\t\t<\/div>\n\t\t","protected":false},"excerpt":{"rendered":"<p>neler yapar\u0131z? 22 y\u0131ll\u0131k birikim, bitmeyen bir heyecan. Projelerimizi Agile metodolojileri do\u011frultusunda, k\u00fc\u00e7\u00fck ve y\u00f6netilebilir mod\u00fcller halinde tasarl\u0131yoruz. Bu yakla\u015f\u0131m, her geli\u015ftirme a\u015famas\u0131nda m\u00fc\u015fteri geri bildirimlerine h\u0131zl\u0131 yan\u0131t verebilmemizi sa\u011flar. Projelerin esnek, \u00f6l\u00e7eklenebilir ve s\u00fcrekli geli\u015fen bir yap\u0131da ilerlemesine olanak tan\u0131r. Yaz\u0131l\u0131m Geli\u015ftirme Logo CRM ve Logo Tiger altyap\u0131lar\u0131n\u0131 esas alarak, i\u015fletmenizin \u00f6zel ihtiya\u00e7lar\u0131na y\u00f6nelik [&hellip;]<\/p>\n","protected":false},"author":1,"featured_media":0,"parent":0,"menu_order":0,"comment_status":"closed","ping_status":"closed","template":"","meta":{"_monsterinsights_skip_tracking":false,"_monsterinsights_sitenote_active":false,"_monsterinsights_sitenote_note":"","_monsterinsights_sitenote_category":0,"footnotes":""},"class_list":["post-879","page","type-page","status-publish","hentry"],"_links":{"self":[{"href":"https:\/\/www.codemerge.com.tr\/index.php\/wp-json\/wp\/v2\/pages\/879","targetHints":{"allow":["GET"]}}],"collection":[{"href":"https:\/\/www.codemerge.com.tr\/index.php\/wp-json\/wp\/v2\/pages"}],"about":[{"href":"https:\/\/www.codemerge.com.tr\/index.php\/wp-json\/wp\/v2\/types\/page"}],"author":[{"embeddable":true,"href":"https:\/\/www.codemerge.com.tr\/index.php\/wp-json\/wp\/v2\/users\/1"}],"replies":[{"embeddable":true,"href":"https:\/\/www.codemerge.com.tr\/index.php\/wp-json\/wp\/v2\/comments?post=879"}],"version-history":[{"count":121,"href":"https:\/\/www.codemerge.com.tr\/index.php\/wp-json\/wp\/v2\/pages\/879\/revisions"}],"predecessor-version":[{"id":3149,"href":"https:\/\/www.codemerge.com.tr\/index.php\/wp-json\/wp\/v2\/pages\/879\/revisions\/3149"}],"wp:attachment":[{"href":"https:\/\/www.codemerge.com.tr\/index.php\/wp-json\/wp\/v2\/media?parent=879"}],"curies":[{"name":"wp","href":"https:\/\/api.w.org\/{rel}","templated":true}]}}